{"id":1666,"date":"2025-06-19T18:12:59","date_gmt":"2025-06-19T16:12:59","guid":{"rendered":"https:\/\/www.rociomarquez.com\/?post_type=product&#038;p=1666"},"modified":"2025-06-19T18:13:17","modified_gmt":"2025-06-19T16:13:17","slug":"himno-vertical-cd-festival-dels-horts","status":"publish","type":"product","link":"https:\/\/www.rociomarquez.com\/es\/producto\/himno-vertical-cd-festival-dels-horts\/","title":{"rendered":"HIMNO VERTICAL &#8211; CD (Festival dels Horts)"},"content":{"rendered":"<p><strong data-start=\"156\" data-end=\"225\">CD de <em data-start=\"173\" data-end=\"189\">Himno Vertical<\/em>, el nuevo \u00e1lbum de Roc\u00edo M\u00e1rquez, junto a Pedro Rojas Og\u00e1yar. <\/strong>Una obra ritual que gira en espiral entre lo \u00edntimo y lo colectivo. Esta edici\u00f3n incluye libreto con letras y material visual exclusivo.<\/p>\n","protected":false},"excerpt":{"rendered":"<p>CD de Himno Vertical, el nuevo \u00e1lbum de Roc\u00edo M\u00e1rquez, junto a Pedro Rojas Og\u00e1yar. Una obra ritual que gira en espiral entre lo \u00edntimo y lo colectivo. Esta edici\u00f3n incluye libreto con letras y material visual exclusivo.<\/p>\n","protected":false},"featured_media":1426,"comment_status":"open","ping_status":"closed","template":"","meta":[],"product_brand":[],"product_cat":[37,36],"product_tag":[],"class_list":{"0":"post-1666","1":"product","2":"type-product","3":"status-publish","4":"has-post-thumbnail","6":"product_cat-himno-vertical","7":"product_cat-vinilo","9":"first","10":"instock","11":"virtual","12":"taxable","13":"purchasable","14":"product-type-simple"},"_links":{"self":[{"href":"https:\/\/www.rociomarquez.com\/es\/wp-json\/wp\/v2\/product\/1666","targetHints":{"allow":["GET"]}}],"collection":[{"href":"https:\/\/www.rociomarquez.com\/es\/wp-json\/wp\/v2\/product"}],"about":[{"href":"https:\/\/www.rociomarquez.com\/es\/wp-json\/wp\/v2\/types\/product"}],"replies":[{"embeddable":true,"href":"https:\/\/www.rociomarquez.com\/es\/wp-json\/wp\/v2\/comments?post=1666"}],"wp:featuredmedia":[{"embeddable":true,"href":"https:\/\/www.rociomarquez.com\/es\/wp-json\/wp\/v2\/media\/1426"}],"wp:attachment":[{"href":"https:\/\/www.rociomarquez.com\/es\/wp-json\/wp\/v2\/media?parent=1666"}],"wp:term":[{"taxonomy":"product_brand","embeddable":true,"href":"https:\/\/www.rociomarquez.com\/es\/wp-json\/wp\/v2\/product_brand?post=1666"},{"taxonomy":"product_cat","embeddable":true,"href":"https:\/\/www.rociomarquez.com\/es\/wp-json\/wp\/v2\/product_cat?post=1666"},{"taxonomy":"product_tag","embeddable":true,"href":"https:\/\/www.rociomarquez.com\/es\/wp-json\/wp\/v2\/product_tag?post=1666"}],"curies":[{"name":"wp","href":"https:\/\/api.w.org\/{rel}","templated":true}]}}

<p><strong data-start="156" data-end="225">CD de <em data-start="173" data-end="189">Himno Vertical</em>, el nuevo álbum de Rocío Márquez, junto a Pedro Rojas Ogáyar. </strong>Una obra ritual que gira en espiral entre lo íntimo y lo colectivo. Esta edición incluye libreto con letras y material visual exclusivo.</p>

<p>CD de Himno Vertical, el nuevo álbum de Rocío Márquez, junto a Pedro Rojas Ogáyar. Una obra ritual que gira en espiral entre lo íntimo y lo colectivo. Esta edición incluye libreto con letras y material visual exclusivo.</p>
